 is -20740830 + -3?
-20740833
In base 2, what is 1000110 + 111000111110001010?
111000111111010000
In base 13, what is -1023a16 - cc?
-1023b15
In base 11, what is -850 + 22501?
21761
In base 3, what is -111201122112012 - -12?
-111201122112000
In base 15, what is 4669 + -4b49?
-4d0
In base 14, what is -bd4 - 2655a?
-27350
In base 7, what is 6 - 305112341?
-305112332
In base 4, what is 201210 + -101103?
100101
In base 15, what is -252b + -344?
-2870
In base 2, what is -1010100 - 1101001110000100101010?
-1101001110000101111110
In base 15, what is -17ee + -31?
-1830
In base 7, what is 15 + -2425206?
-2425161
In base 16, what is 2032 - 26b?
1dc7
In base 4, what is -2010003 + -223330?
-2233333
In base 13, what is 43 - -478139?
47817c
In base 6, what is 21351 + 2242?
24033
In base 13, what is 6 + 24c62142?
24c62148
In base 15, what is -38d694 - -3?
-38d691
In base 10, what is 2556733 + 9?
2556742
In base 14, what is -1348a + 73?
-13417
In base 14, what is -1 + 176108?
176107
In base 15, what is 1 - 16dbb64?
-16dbb63
In base 9, what is 5 - -51155526?
51155532
In base 6, what is -24330315 + -1013?
-24331332
In base 15, what is -15b + -4d4c8d?
-4d4de9
In base 8, what is -4 - -13522604?
13522600
In base 13, what is -12025 - 8?
-12030
In base 11, what is -a89 + 3503?
2525
In base 15, what is 2be - 56dd3?
-56b14
In base 7, what is 4645 + -23426?
-15451
In base 3, what is 10 + 2000022110212002?
2000022110212012
In base 6, what is -12421543000 + 3?
-12421542553
In base 3, what is -220 - 2111100220000?
-2111100220220
In base 12, what is 4 - 97875a?
-978756
In base 10, what is 1 - 49306665?
-49306664
In base 5, what is -1 - 1041441204?
-1041441210
In base 7, what is 5 + 25324336?
25324344
In base 6, what is 3212 - 41533?
-34321
In base 10, what is -3953005 - -28?
-3952977
In base 10, what is 9 - -1211916?
1211925
In base 3, what is 200 + 21222000202?
21222001102
In base 11, what is -6 - 1182752?
-1182758
In base 6, what is 15554 + -30533?
-10535
In base 14, what is 290984 + -2?
290982
In base 2, what is -101000011111100110001 - 1110?
-101000011111100111111
In base 16, what is -2e79331 - 5?
-2e79336
In base 4, what is -21013102120 - -132?
-21013101322
In base 11, what is -31 + -1039a35?
-1039a66
In base 16, what is c790 - -59?
c7e9
In base 5, what is 343232 + -3232?
340000
In base 4, what is -13 - 1122220022222?
-1122220022301
In base 11, what is 1a8a26 + 2?
1a8a28
In base 12, what is 22b1 + a8?
2399
In base 5, what is 2311 + -402002?
-344141
In base 9, what is 20776511 - 2?
20776508
In base 9, what is -22832806 + -3?
-22832810
In base 15, what is -1b + 28751?
28735
In base 5, what is 1301100 - -1333?
1302433
In base 8, what is 7520 - 15324?
-5604
In base 10, what is 63015 - 4386?
58629
In base 13, what is 0 + -269377b?
-269377b
In base 3, what is 1022 + 2220002200?
2220010222
In base 4, what is -23 - -333301122?
333301033
In base 5, what is -1002122111 - 1332?
-1002123443
In base 7, what is 31104 + 3526?
34633
In base 4, what is -13132322013 + 223?
-13132321130
In base 8, what is -360 + 21132?
20552
In base 15, what is -3a + 711556?
71151b
In base 10, what is 787 + -268535?
-267748
In base 7, what is -120 - 5264514?
-5264634
In base 14, what is -496dc1 - -11d?
-496ca2
In base 14, what is -1b02655 - 0?
-1b02655
In base 6, what is -400 + 254302432?
254302032
In base 14, what is 30c82 - -783?
31625
In base 6, what is -23442441341 - -2?
-23442441335
In base 14, what is -3ba - -1a84?
16a8
In base 6, what is 52342354 - 5?
52342345
In base 4, what is -231213302 + -1121020?
-233000322
In base 15, what is 0 + -42d905?
-42d905
In base 10, what is -84712 + 2700?
-82012
In base 16, what is -b31 - -28bb?
1d8a
In base 3, what is -11 - -102020002201202?
102020002201121
In base 16, what is -15a8 - a43?
-1feb
In base 6, what is 310022054 + 4?
310022102
In base 3, what is -1102020011 - 1200000?
-1110220011
In base 16, what is -a18950 + -6?
-a18956
In base 7, what is 633153322 + -20?
633153302
In base 4, what is 10313 - -12121132?
12132111
In base 10, what is 2 - -20856918?
20856920
In base 11, what is 2 + 3824215?
3824217
In base 7, what is -3000544 - -111?
-3000433
In base 2, what is -11101110111111100111 + -110110?
-11101111000000011101
In base 10, what is 63 - 1594760?
-1594697
In base 3, what is -11010111120 - -1001?
-11010110112
In base 14, what is 864c1d - -9?
864c28
In base 4, what is 1213 + 2200121?
2202000
In base 15, what is -10e56 + -31?
-10e87
In base 8, what is 237 + -21640402?
-21640143
In base 11, what is -1a2 - 9710?
-9902
In base 10, what is -5 - 2869148?
-2869153
In base 14, what is -20 - -30cc1d?
30cbdd
In base 12, what is -227 - -7457a?
74353
In base 15, what is a0 - -8494e?
849ee
In base 4, what is 212 + 21310111313?
21310112131
In base 12, what is -7791 + -167?
-7938
In base 4, what is -312 - -21332301321?
21332301003
In base 8, what is 14247 + -57177?
-42730
In base 11, what is 13 + 2607309?
2607321
In base 10, what is 9 - -8104674?
8104683
In base 6, what is 1053340 + 24?
1053404
In base 4, what is 20 + -20320312203?
-20320312123
In base 2, what is 100 - -1000010101011000110100000111?
1000010101011000110100001011
In base 10, what is -12768080 + -58?
-12768138
In base 3, what is -12102 - 10201112212?
-10201202021
In base 6, what is -1320 + 34401?
33041
In base 16, what is 4 + 10c47?
10c4b
In base 2, what is -1011110110000 - -11010010100111?
1110011110111
In base 15, what is 4 + -442ca66?
-442ca62
In base 9, what is 6 + 672316?
672323
In base 3, what is -120 + -1012210202120?
-1012210210010
In base 10, what is 262486 + 49?
262535
In base 10, what is -42 + -501342?
-501384
In base 8, what is -3 + 121652213?
121652210
In base 10, what is -13676555 - 7?
-13676562
In base 8, what is -1 - 20176136?
-20176137
In base 14, what is 18ddd + 23?
19022
In base 4, what is -333110 - -311133?
-21311
In base 4, what is -100322000001 - -312?
-100321333023
In base 12, what is -6479 - 616?
-6a93
In base 3, what is 1001 + 2112022001102?
2112022002110
In base 16, what is -1 - -65f7fc?
65f7fb
In base 12, what is -866179 - 11?
-86618a
In base 14, what is ac425 - -5a?
ac481
In base 8, what is 237362 + 1050?
240432
In base 8, what is 31104614 - -5?
31104621
In base 2, what is 101 + -1010000110100010110101010?
-1010000110100010110100101
In base 9, what is -137438454 + -1?
-137438455
In base 4, what is 12 + 101233322123?
101233322201
In base 11, what is -9562 + -2461?
-10a13
In base 11, what is -400360a + a?
-4003600
In base 8, what is 30633161 - 12?
30633147
In base 3, what is -12 + 1020111021121122?
1020111021121110
In base 16, what is 1 + -45a95e8?
-45a95e7
In base 9, what is 73001 - -117?
73118
In base 9, what is -8137060 - 73?
-8137143
In base 10, what is -29 - 91464?
-91493
In base 3, what is -2011120221211102 + -12?
-2011120221211121
In base 5, what is -2404030133 + -23?
-2404030211
In base 16, what is 595 - -15fce?
16563
In base 4, what is 12003311322 - 23?
12003311233
In base 13, what is 8537816 - 3?
8537813
In base 7, what is 15 - -14025126?
14025144
In base 6, what is 1122111531333 + 0?
1122111531333
In base 6, what is -144 + 115030115?
115025531
In base 13, what is -3765 + 629?
-3139
In base 9, what is 24874117 + -60?
24874047
In base 13, what is 431 - -303c0?
30821
In base 12, what is -60 + 5560?
5500
In base 14, what is 5045c - 214?
50248
In base 9, what is -226614 - -8?
-226605
In base 15, what is -55660d - 4?
-556612
In base 7, what is 15 + -2456365?
-2456350
In base 5, what is -1144431 - 141333?
-1341314
In base 9, what is -70750722 - 1?
-70750723
In base 3, what is -100011221220012 + 10021?
-100011221202221
In base 12, what is 3 - -91024238?
9102423b
In base 6, what is 2412 + 20454532?
20501344
In base 14, what is 2 + -9c25?
-9c23
In base 9, what is -608 + -630811?
-631520
In base 3, what is 220210111 + -10110?
220200001
In base 8, what is -10465104 - -740?
-10464144
In base 16, what is 25ffac + -2e?
25ff7e
In base 11, what is -99809 - 82?
-99890
In base 7, what is -530 + 406244?
405414
In base 2, what is 100 - -110100011111010100001011010?
110100011111010100001011110
In base 7, what is 4421316 + 226?
4421545
In base 7, what is 35512246 + 66?
35512345
In base 15, what is 73bdc + 1?
73bdd
In base 4, what is 2312030320322 + 11?
2312030320333
In base 8, what is 1 